{"id":12002,"date":"2021-11-20T22:10:48","date_gmt":"2021-11-21T01:10:48","guid":{"rendered":"https:\/\/www.holdingtraffic.com.br\/?page_id=12002"},"modified":"2021-11-20T23:16:09","modified_gmt":"2021-11-21T02:16:09","slug":"software-de-talonario-inteligente","status":"publish","type":"page","link":"https:\/\/www.holdingtraffic.com.br\/?page_id=12002","title":{"rendered":"Software de Talon\u00e1rio Inteligente"},"content":{"rendered":"<p>[vc_row css=&#8221;.vc_custom_1637457842827{margin-top: 60px !important;}&#8221;][vc_column width=&#8221;1\/2&#8243;][vc_column_text]<strong>Menu Principal do Talon\u00e1rio Inteligente<\/strong><\/p>\n<p>1 \u2013 <strong>Agente de Tr\u00e2nsito <\/strong>&#8211; Alterar sua pr\u00f3pria senha e acessar a listagem de usu\u00e1rios;<\/p>\n<p>2 \u2013 <strong>AIT <\/strong>&#8211; Registrar os Autos de Infra\u00e7\u00f5es de Transito;<\/p>\n<p>3 \u2013 <strong>Consultar AI <\/strong>\u2013 Acessar os Autos de Infra\u00e7\u00f5es, efetivar cancelamentos e emiss\u00e3o de 2\u00ba via;<\/p>\n<p>4 &#8211; <strong>AIE-PF <\/strong>&#8211; Registrar os Autos de Infra\u00e7\u00f5es Especiais n\u00e3o vinculados a ve\u00edculos;<\/p>\n<p>5 \u2013 <strong>Acessar Impressoras <\/strong>\u2013 permite reconhecer as impressoras <em>bluetooth<\/em> dispon\u00edvel e efetivar teste de impress\u00e3o;<\/p>\n<p>6 \u2013 <strong>Administrador &#8211; <\/strong>Tem acesso restrito pelos Supervisores e Administradores do sistema, permite gerenciar usu\u00e1rios, distribuir permiss\u00f5es e acessar o sistema operacional do equipamento;<\/p>\n<p>7 \u2013 <strong>Lista de Infra\u00e7\u00f5es <\/strong>\u2013 Permite consultar todas as Autua\u00e7\u00f5es e Infra\u00e7\u00f5es no CBT;<\/p>\n<p>8 \u2013 <strong>Acessar Rotativo <\/strong>&#8211; Integrado via WebService com os rotativos de mercado;<\/p>\n<p>9 \u2013 <strong>Situa\u00e7\u00e3o do Ve\u00edculo \u2013 SV <\/strong>&#8211; Acessa via WebService ocorr\u00eancias sobre o veiculo ou a lista de placas com registro de gravame e\/ou sinistros disponibilizada pelo Autuador;<\/p>\n<p>10 \u2013 <strong>Transmiss\u00e3o de Dados &#8211; <\/strong>Executa a transfer\u00eancia dos AIT\/AIE para WEB, com op\u00e7\u00e3o de eliminar os autos de infra\u00e7\u00e3o transferidos;<\/p>\n<p>11 \u2013 <strong>Mensagens <\/strong>&#8211; Correio Eletr\u00f4nico entre agentes e os gestores;<\/p>\n<p>12 \u2013 <strong>Contatar a Central \u2013 CAC <\/strong>&#8211; Abre uma lista de contato cadastrada e permite a conex\u00e3o autom\u00e1tica.[\/vc_column_text][\/vc_column][vc_column width=&#8221;1\/2&#8243;][vc_single_image image=&#8221;11998&#8243; img_size=&#8221;195&#215;425&#8243;][vc_single_image image=&#8221;11997&#8243; img_size=&#8221;194&#215;425&#8243;][\/vc_column][\/vc_row][vc_row][vc_column][\/vc_column][\/vc_row]<\/p>\n","protected":false},"excerpt":{"rendered":"<p>[vc_row css=&#8221;.vc_custom_1637457842827{margin-top: 60px !important;}&#8221;][vc_column width=&#8221;1\/2&#8243;][vc_column_text]Menu Principal do Talon\u00e1rio Inteligente 1 \u2013 Agente de Tr\u00e2nsito &#8211; Alterar sua pr\u00f3pria senha e acessar a listagem de usu\u00e1rios; 2 \u2013 AIT &#8211; Registrar os Autos de Infra\u00e7\u00f5es de Transito; 3 \u2013 Consultar AI \u2013 Acessar os Autos de Infra\u00e7\u00f5es, efetivar cancelamentos e emiss\u00e3o de 2\u00ba via; 4 &#8211; [&hellip;]<\/p>\n","protected":false},"author":1,"featured_media":0,"parent":10938,"menu_order":0,"comment_status":"closed","ping_status":"closed","template":"","meta":{"footnotes":""},"class_list":["post-12002","page","type-page","status-publish","hentry"],"acf":[],"_links":{"self":[{"href":"https:\/\/www.holdingtraffic.com.br\/index.php?rest_route=\/wp\/v2\/pages\/12002","targetHints":{"allow":["GET"]}}],"collection":[{"href":"https:\/\/www.holdingtraffic.com.br\/index.php?rest_route=\/wp\/v2\/pages"}],"about":[{"href":"https:\/\/www.holdingtraffic.com.br\/index.php?rest_route=\/wp\/v2\/types\/page"}],"author":[{"embeddable":true,"href":"https:\/\/www.holdingtraffic.com.br\/index.php?rest_route=\/wp\/v2\/users\/1"}],"replies":[{"embeddable":true,"href":"https:\/\/www.holdingtraffic.com.br\/index.php?rest_route=%2Fwp%2Fv2%2Fcomments&post=12002"}],"version-history":[{"count":12,"href":"https:\/\/www.holdingtraffic.com.br\/index.php?rest_route=\/wp\/v2\/pages\/12002\/revisions"}],"predecessor-version":[{"id":12022,"href":"https:\/\/www.holdingtraffic.com.br\/index.php?rest_route=\/wp\/v2\/pages\/12002\/revisions\/12022"}],"up":[{"embeddable":true,"href":"https:\/\/www.holdingtraffic.com.br\/index.php?rest_route=\/wp\/v2\/pages\/10938"}],"wp:attachment":[{"href":"https:\/\/www.holdingtraffic.com.br\/index.php?rest_route=%2Fwp%2Fv2%2Fmedia&parent=12002"}],"curies":[{"name":"wp","href":"https:\/\/api.w.org\/{rel}","templated":true}]}}